 42 + -40 - ((-11 - 5) + (-10 - -8)) - 2.
18
(1 - (0 + 3)) + (4111 - 4119) - -11
1
Calculate (-17 - -52 - 75) + 4.
-36
Evaluate (-90 - 14) + 9 + 41.
-54
What is -162 - -32 - (-80 - -6)?
-56
Calculate -4 - -1 - -25 - (69 + (26 - 81)).
8
Evaluate 8 - -2 - 36 - 0 - (51 - 65).
-12
Calculate -19 + 4 + 38 + 14.
37
What is (-149 - (-172 + 93)) + (9 - -2)?
-59
What is the value of -3 - ((14 - (40 - 9)) + 17)?
-3
What is -57 - (33 - (131 + -44))?
-3
What is the value of (2 - 30 - -32) + -2 + 0 + 25 + 2?
29
What is the value of 40 - (-29 + (35 - (15 + 0)) - (-1 - 7))?
41
Calculate (-139 - -90) + (17 - 29).
-61
What is -12 + (23 + -14 - (7 + 1)) + -8?
-19
-51 + 0 - (1931 + -1959)
-23
What is 421 + -556 + (127 - -15)?
7
What is (6 + -4 - 2) + -153 + 159 + -61?
-55
1 + 5 + -1 + -72 + -72 + 177
38
What is the value of (-19 - (12 - 12)) + 15 + 25 + -115?
-94
Evaluate -28 - (-11 - (-7 - 22)).
-46
Calculate 83 + (-114 - 78) - -29.
-80
Calculate (-5 - (1 - -37)) + (8 - 0).
-35
Calculate -22 + 8 + -25 + (73 - 63).
-29
11 + -55 + (26 - (27 + -22))
-23
What is the value of (53 - 44) + -54 - -134?
89
What is -5 + (2 - -1 - -11 - (-520 - -518))?
11
What is the value of -62 + (-2 + 11 - 20 - -30 - 13)?
-56
-51 + -5 + (-5 - -8) - (-9 - 3)
-41
Evaluate -15 + -39 + 17 + 180 + -102.
41
-89 + (-8 - (8 + -6 + -15) - -7)
-77
-7 - (38 + -95 - -18)
32
Evaluate 202 + (-116 - 38) - -60.
108
What is -2 + -4 - -7 - (-5 - (-5 + 10 + 10))?
21
Calculate (13 - 34 - -26 - (1 - -19)) + 0 + -2.
-17
Evaluate (0 - 3) + (3 - -1) + (-58 - (-95 - -46)).
-8
6 - (7 + (-26 - -14) + -55 - (7 - -2))
75
What is the value of -6 - (15 + -16 + 4 + -10) - (0 - -75)?
-74
352 + -346 - ((-3 - (4 + -13)) + -4 - -19)
-15
What is the value of 2 + -21 - (-13 - (-31 - -30))?
-7
(5 - -3) + (1 - (3 - (0 - 19))) + -74
-87
Calculate 4 - (548 + -568 - (0 + -3)).
21
Calculate 206 - (164 + -76) - 118.
0
Evaluate 10 - (2 + (-9 - -5 - (2 - 41))).
-27
What is the value of -41 - (-12 - 8 - (-6 + 5))?
-22
What is -2 - 2 - (12 - (10 - 17) - 62)?
39
Evaluate (39 - 21 - 37) + -25.
-44
What is the value of -1 + -144 - (-449 + 421 - (0 - 7))?
-124
Evaluate -60 - (-16 + -38) - 12.
-18
What is 28 + 35 + 41 + 10 + (-1 - -1) - -1?
115
Evaluate -65 - (1 - (56 + -70)).
-80
9 + (-5 - (9 + (-29 - 0) + -6 + 10))
20
-19 + (-2 + -8 - 0 - (275 + -276))
-28
Evaluate -11 - (25 + -16 - 24) - 35.
-31
What is the value of (-153 - -85 - (-1 + -6 - -1)) + (10 - 6)?
-58
Calculate -20 + (37 - 10) + 167 + -163.
11
What is the value of (682 - 701 - (-22 + 0)) + 6?
9
Evaluate 5 + (-5 + 10 + 1 - (-12 + 21)) + -69.
-67
Evaluate (3 - 5 - -13) + 39 + (18 - (-10 - -13)).
65
What is the value of 31 + 1 + (0 - (5 - 14)) + -40 + 24?
25
Calculate 6 - (-3 - (2 - ((46 - 0) + 2))).
-37
4 + (-45 + 45 - -28)
32
Calculate 26 - (34 - 13 - 26).
31
Calculate 17 + 2 + -2 + 22 + -7 + -25.
7
(-17 - -21 - 70) + -6 + 13 - (-9 + -1)
-49
Calculate 17 - (-15 + -16 + 62) - (-2 + -49 + 2).
35
Evaluate 1 - -25 - (1 - (-2 - -2) - 4).
29
(4 - -2 - (-75 + (59 - -34))) + 106
94
Calculate 22 + (-39 - -18) + (-2 - -3) + 30.
32
-3 + 11 + (1 + -2 + 1 - (-194 - -196))
6
What is 3 + 3 - (14 - ((25 - 12) + 4 - -2))?
11
What is the value of 9 - ((-1 - -4) + (68 - 62))?
0
Evaluate -223 + 306 - (20 - -32).
31
What is 38 + -19 + 5 + -31 - 3?
-10
Evaluate 21 - (1 + -1) - (180 + (519 - 535)).
-143
What is -3 + 15 + 7 + 3 - 5?
17
Evaluate -30 + (-22 - 0 - (-722 - -699)).
-29
What is (-87 - -156 - -13) + -13?
69
Evaluate 18 + -9 + (12 - 3 - 15).
3
Calculate -13 + (-12 - -23) - (37 + -7 + 11).
-43
What is (72 - -30) + -79 + (0 - -1)?
24
Calculate (1 + -1 - 37) + -170025 + 170026.
-36
Evaluate (-123 - 0) + (31 - (-16 + 38) - 7) + 4.
-117
Calculate 93 - (-151 + 68 - -34).
142
-3 + (-40 - -10) + 14 - (0 - 88)
69
Evaluate (27 - -5) + -30 - (-4 - (6 + 8)).
20
What is the value of 58 + (13 + -10 - -4 - -2)?
67
What is 75 - (-36 + 75 - -42)?
-6
What is -2 + -1 + (49 - (23 - -12)) + -4?
7
Evaluate 34 - (4 - -13 - (-269 - -197)).
-55
What is the value of 11682 + -11668 - (13 - (2 - 1))?
2
What is (-12 - 3) + 53 + -18 + 3?
23
What is the value of 554 + -612 + (-3 - 1)?
-62
30 + (6 - 8) - (564 - 470)
-66
What is -81 - (3 + -72) - (-8 - 113)?
109
-25 + 22 + -9 + 23 + 0 + -35
-24
Evaluate -88 + 0 - (0 + -25 - (-95 - -98 - 15)).
-75
(294 + -285 - (1 + -17)) + (-2 - -3)
26
-3 - (-3 + (-15 - -14) + -5 - (1 + -69))
-62
What is (47 - (111 + -69)) + 54?
59
-10 + (16 - 1 - 5) + (-2 + 12 - 4)
6
-2 + 45 + 0 + -15 + (-19 + 18 - -18)
45
What is the value of 55 - (-35 + -21 + 40)?
71
What is 8 + 23 + -78 + 32 + 28?
13
Evaluate (-1 - -74) + (60 - (65 - 15)).
83
What is -21 + (-10 - (2 - 27)) - -65 - (5 - -2)?
52
Calculate -1 + -89 + 116 - (37 - (-1 - -2)).
-10
-52 - (32 + -96 - -40)
-28
What is the value of 6 + -16 + 4 + (-2 - -8) - (-46 + 26)?
20
What is the value of 0 - -1 - (-9 - 8 - -65 - 10)?
-37
Calculate 1 + -22 + 14 + (128 - -13).
134
Evaluate (6 - 2 - (-231 - -242)) + (3 + -2 - -42).
36
Evaluate -21 + (-29 + -11 + 22 - -56).
17
What is the value of (-25 - -2) + (317 - 290) + -60 + -10?
-66
Evaluate -105 - (-153 + 20) - (-17 + 2 + 2).
41
Evaluate -43 - 0 - (-848 + 758).
47
Evaluate (-7 - (-8 + -4 + -5)) + -42.
-32
What is the value of 117 + (37 - 0 - 71) + (0 - -1 - 9)?
75
Evaluate -1 + 18 + (-1 - (6 - (-11 + 8))) + 18.
25
What is the value of 12 - (9 + -9) - (-38 + (-15 - -7))?
58
Evaluate 33 - 20 - ((36 + 14 - -10) + 15).
-62
What is the value of 8 + -1 + (-48 - (-13 + 27) - -10)?
-45
What is (96 - 124 - 3) + 11?
-20
What is (-6 - 2 - ((-1 - -13) + 68 + -87)) + 63?
62
What is the value of (3967 - 3974) + (-14 - ((-1 - -2) + -2))?
-20
-7 + (-1 - (-3 - -1)) - ((-130 - 10) + 68)
66
What is the value of 13 - (4 + 12) - (83 + -29)?
-57
8 + -38 + -2 + -364 + 315
-81
What is -4 + 6 + 78 - ((-142 - -41) + 91)?
90
What is 96 + -109 + 0 + 8 + 28?
23
Evaluate -44 + 1 - (0 - -28 - (645 - 632)).
-58
Evaluate (-12 - 2) + 13 - -1 - (-3 - -148 - 10).
-135
What is 1 + (-1 - -58) + -2 - (32 + (20 - 45))?
49
What is -6 + (-40 - -2) + 119 - (-1 - (-9 - -1))?
68
Calculate -3 + (41 - 52) + -63 + 5.
-72
(-28 - (2 + -1)) + (2366 - 2369)
-32
49 + (55 - (106 - 130))
128
What is the value of 12 - 20 - (20 + -51 - 18)?
41
(9 + 28 - 8 - 9) + (0 + 0 - -6)
26
What is the value of -78 + -628 + 636 + 1 + 15?
-54
What is 1 + -24 + 28 + -70 + 0 + (-96 - -100)?
-61
Evaluate 25 - 0 - (163 + -300 - -109).
53
-4956 - -4987 - (-1 + 31)
1
What is (-33 - -57) + (2 - -19) + -19?
26
34 + (6 - 1) + -70
-31
What is the value of 24 - ((0 - 45) + -35 + 31 + -5)?
78
What is the value of (-4 - (-23 - -11)) + (1 + -1 - (7 - -29))?
-28
Evaluate -3 - (-15 - (-69 + -6)).
-63
What is the value of -69 - (-18 + (15 - 63))?
-3
-27 + 73 + -20 + -25 - (9 - 76)
68
-362 + 302 + 48 + -1
-13
-1068 + 1038 - (1 + 5)
-36
What is 4 - ((79 - 80 - (-1 + 6)) + 18)?
-8
What is (1 - 35) + (50 + -134 - -141)?
23
Calculate 4 - -46 - (679 - 637).
8
-1 + -7 + (-1 + 10 - (111 + -98) - 10)
-22
Calculate -19 + (-16 - (10 + -13)) + 20 - (0 + 0).
-12
What is the value of -356 + 396 - (87 + 1)?
-48
Evaluate (-191 - 33) + 76 - -90.
-58
What is 93 - (145 + -138 - (13 - -2) - (6 - 0))?
107
Evaluate -1198 + 1215 + -23 + -1 + 1.
-6
(-26 - (22 + -2)) + 24 + 12
-10
What is the value of -92 + (137 - 161) + 166?
50
Evaluate (-7 - 0) + 15 + -4 - (-43 + (1 - 4)).
50
Evaluate 9 + 0 - (-203 - -238) - -1.
-25
What is (78 - (-103 - -112)) + -47?
22
What is the value of (-97 - (-119 + 52)) + (-16 - -3)?
-43
(-113 - -127) + -12 + 1 - (-9 - 6)
18
Calculate 46 + -17 + -20 + (8 - -31).
48
Evaluate 1 + -7 + -120 + 134 + -30 - -13.
-9
What is the value of 5 - (64 + (-46 - -18) - (-1 - -1))?
-31
Evaluate (-34 - -5) + -118 + 57.
-90
Evaluate -2 - (0 + (-6 - -1)) - (16 - 37 - -9).
15
Evaluate 17 - (1 - (-8 - -1)) - (2 - -8).
-1
What is (-7 + 0 - (-3 - 48 - -52)) + 23?
15
What is the value of ((-11 - -18) + 12 - (23 - 3)) + 20 + 0?
19
-50 - (-38 + 23 + -16 + 57)
-76
What is 7 - 0 - 3 - (-36 + 18 - -36)?
-14
Calculate -12 + 1 + 1 + (19 + -4 - -46).
51
What is 1 - (23 - 13 - (12 + 1))?
4
Calculate 3 + 10 - ((11 - 11 - -48) + -32).
-3
Calculate 27 - (-3 + -18 - -86).
-38
What is 41 + 15 + -73 - (-3 + -11)?
-3
Calculate -1 + 111 + (-100 - -61).
71
Calculate 40 + -35 + -17 + -4 - (21 - 0).
-37
Calculate 0 + (-74 - (-49 